r of 91203 and 38986?
101
Calculate the highest common divisor of 210 and 870072.
42
Calculate the highest common factor of 117829 and 7868599.
1081
Calculate the highest common factor of 58957107 and 1284.
321
What is the greatest common factor of 157751979 and 77?
77
What is the greatest common factor of 15565296 and 24288?
1104
Calculate the highest common divisor of 121720 and 48620.
340
Calculate the greatest common divisor of 67057960 and 328.
328
Calculate the greatest common divisor of 2250948 and 7874.
254
Calculate the highest common divisor of 565041 and 73929.
57
What is the highest common divisor of 23532 and 7338?
6
Calculate the greatest common divisor of 207040 and 85759850.
6470
What is the highest common factor of 61352592 and 68816?
6256
What is the greatest common divisor of 22106 and 239903786?
3158
What is the greatest common divisor of 11601960 and 240?
120
Calculate the greatest common factor of 6649932 and 246.
6
What is the highest common divisor of 145427520 and 105?
105
Calculate the greatest common factor of 4 and 27599736.
4
Calculate the greatest common factor of 2051556 and 4044.
12
What is the highest common divisor of 4095 and 8873280?
585
What is the greatest common factor of 22666 and 11412331?
11333
What is the highest common divisor of 29528828 and 112?
28
Calculate the highest common factor of 1446390 and 135.
135
Calculate the highest common divisor of 12339885 and 4737.
4737
Calculate the greatest common factor of 63020 and 11870.
10
Calculate the highest common factor of 60460 and 548.
4
What is the highest common divisor of 2454199 and 129987?
1111
Calculate the highest common factor of 4496 and 19685736.
2248
What is the greatest common factor of 21170994 and 69?
69
What is the highest common divisor of 686 and 84833?
7
Calculate the greatest common divisor of 440009691 and 4488.
561
What is the highest common divisor of 1742 and 1036425546?
1742
Calculate the highest common factor of 113987640 and 6408.
2136
What is the highest common factor of 850 and 3114230?
170
Calculate the highest common divisor of 3884846 and 378.
14
Calculate the highest common factor of 640442 and 20812.
946
What is the highest common factor of 801663 and 240726?
2271
Calculate the highest common factor of 498454 and 10749035.
1793
What is the highest common factor of 3109338 and 126?
18
What is the highest common factor of 13201 and 2926017?
307
Calculate the highest common factor of 1546 and 126520775.
773
What is the greatest common factor of 120 and 123691110?
30
What is the highest common divisor of 167995385 and 5?
5
Calculate the greatest common divisor of 50317663 and 10978.
5489
What is the greatest common divisor of 3132900 and 145800?
900
Calculate the greatest common divisor of 2175 and 128045.
5
Calculate the highest common divisor of 37727169 and 3974.
1987
What is the highest common factor of 1161 and 772293717?
1161
What is the highest common factor of 824340 and 780?
60
Calculate the greatest common factor of 24169899 and 312.
39
Calculate the highest common factor of 18330 and 20700069.
1833
What is the greatest common factor of 64 and 11846496?
32
What is the greatest common divisor of 18 and 568720998?
18
What is the highest common factor of 239384133 and 9?
9
Calculate the highest common factor of 5223722 and 12194.
938
Calculate the highest common factor of 3333 and 25942254.
303
What is the highest common divisor of 384 and 546366?
6
What is the highest common factor of 166 and 97118881?
83
What is the greatest common factor of 584667915 and 15?
15
What is the highest common divisor of 4405 and 6319413?
881
What is the highest common factor of 86949618 and 2136?
534
Calculate the highest common factor of 191851561 and 22.
11
What is the greatest common factor of 314016 and 1728?
96
What is the highest common factor of 240621 and 6099?
3
What is the greatest common divisor of 46593 and 124821144?
1503
What is the highest common factor of 10855483 and 5838?
139
What is the greatest common divisor of 1106354 and 12524?
202
What is the greatest common divisor of 468 and 147869046?
234
Calculate the greatest common divisor of 75346 and 407636.
202
Calculate the greatest common divisor of 26997745 and 2139.
713
What is the highest common divisor of 14148 and 608661?
27
Calculate the greatest common factor of 18126 and 674319.
159
Calculate the greatest common factor of 1505 and 84950800.
215
What is the greatest common divisor of 1649565797 and 11?
11
What is the highest common factor of 447216 and 4704?
336
Calculate the highest common divisor of 138560 and 1130.
10
Calculate the greatest common factor of 72581 and 16109.
181
What is the greatest common divisor of 39941883 and 1161?
1161
Calculate the greatest common divisor of 78330 and 28980.
210
What is the highest common divisor of 16983072 and 432?
144
What is the greatest common divisor of 725517 and 199121?
689
What is the highest common divisor of 3437223727 and 17?
17
What is the greatest common divisor of 5608306 and 551?
19
Calculate the greatest common divisor of 81282 and 187891.
589
Calculate the highest common divisor of 1037782 and 12148387.
3961
What is the greatest common factor of 170 and 10696020?
10
What is the greatest common factor of 2941462 and 114902?
146
Calculate the highest common divisor of 1085204 and 228.
76
What is the greatest common factor of 770 and 16170770?
770
What is the greatest common factor of 2912 and 12688480?
224
Calculate the greatest common divisor of 426735 and 5920335.
4905
Calculate the highest common divisor of 33268188 and 19089.
303
What is the highest common divisor of 291434267 and 317?
317
Calculate the greatest common divisor of 410916 and 88572.
1452
Calculate the greatest common divisor of 399 and 187852.
7
Calculate the highest common factor of 8328 and 458708322.
2082
Calculate the greatest common divisor of 235911 and 257361.
39
Calculate the greatest common factor of 118138680 and 15840.
3960
Calculate the greatest common divisor of 5224887 and 42527.
989
What is the highest common divisor of 2775 and 30025?
25
Calculate the greatest common factor of 127038 and 775.
31
Calculate the highest common factor of 1022762840 and 561.
187
What is the greatest common divisor of 12029732 and 7524?
44
What is the highest common factor of 1750616 and 952?
56
Calculate the greatest common factor of 41654 and 433886.
118
What is the highest common divisor of 32194 and 1286?
2
Calculate the greatest common divisor of 2725738392 and 13.
13
Calculate the greatest common factor of 23479296 and 108.
12
Calculate the highest common factor of 619558004 and 152.
76
What is the highest common factor of 18327 and 11055651?
447
Calculate the greatest common divisor of 2104 and 12213983.
263
Calculate the highest common divisor of 36093 and 36389462.
227
What is the greatest common factor of 9652116 and 15244?
148
Calculate the greatest common divisor of 104065062 and 4548.
2274
What is the highest common factor of 495 and 29749335?
165
What is the greatest common factor of 721598 and 250210?
382
Calculate the greatest common factor of 72406 and 536936.
82
What is the greatest common factor of 15688932 and 308?
28
What is the highest common factor of 359363440 and 1245?
415
Calculate the highest common divisor of 1313 and 9832754.
101
What is the highest common divisor of 992 and 26004848?
16
What is the highest common factor of 157809776 and 2448?
272
Calculate the highest common factor of 14508 and 65616336.
1116
What is the greatest common factor of 11526 and 139332?
102
What is the highest common factor of 75245 and 46935?
745
What is the highest common factor of 2261 and 755293?
119
What is the greatest common factor of 9800405 and 1160?
145
Calculate the highest common factor of 27022 and 2102678.
458
What is the greatest common divisor of 1125 and 2903157?
9
What is the greatest common divisor of 66228736 and 2856?
952
Calculate the highest common factor of 16 and 148838134.
2
Calculate the greatest common factor of 13218716 and 42.
14
Calculate the greatest common divisor of 10435692 and 564.
564
Calculate the greatest common factor of 39 and 27582763.
13
What is the greatest common factor of 806077581 and